{"id":27,"date":"2025-01-12T19:31:49","date_gmt":"2025-01-12T18:31:49","guid":{"rendered":"https:\/\/aktivnisvet.e-apollo.cz\/?page_id=27"},"modified":"2025-05-02T13:30:06","modified_gmt":"2025-05-02T11:30:06","slug":"vseobecne-informace","status":"publish","type":"page","link":"https:\/\/aktivnisvet.cz\/?page_id=27","title":{"rendered":"V\u0161eobecn\u00e9 informace"},"content":{"rendered":"\n<p><strong>24. \u010cESK\u00c1 KONFERENCE KLINICK\u00c9 FARMAKOLOGIE<\/strong><br><strong>28. \u010cESK\u00c1 KONFERENCE TDM<\/strong><br><strong>KRAJSK\u00dd REVMATOLOGICK\u00dd SEMIN\u00c1\u0158<br><\/strong><br><strong>Kongresov\u00e9 centrum Parkhotel Plze\u0148<\/strong>&nbsp;<br>U Borsk\u00e9ho parku 31<br>320 04 Plze\u0148<\/p>\n\n\n\n<p><strong>Datum kon\u00e1n\u00ed<br><\/strong>20<strong>. &#8211; 21.6.2025<\/strong><br>24. \u010cESK\u00c1 KONFERENCE KLINICK\u00c9 FARMAKOLOGIE<br>28 \u010cESK\u00c1 KONFERENCE TDM<\/p>\n\n\n\n<p>19.6.2025<br>KRAJSK\u00dd REVMATOLOGICK\u00dd SEMIN\u00c1\u0158<\/p>\n\n\n\n<p><strong>D\u016fle\u017eit\u00e1 data<\/strong><br><strong>10.3.2025&nbsp;&nbsp;&nbsp;&nbsp;&nbsp;&nbsp;&nbsp;&nbsp;&nbsp;Zah\u00e1jen\u00ed on-line p\u0159ihl\u00e1\u0161en\u00ed&nbsp;<br>10.5.2025&nbsp;&nbsp;&nbsp;&nbsp;&nbsp;&nbsp;&nbsp;&nbsp;&nbsp;Ukon\u010den\u00ed p\u0159ihl\u00e1\u0161en\u00ed k&nbsp;aktivn\u00ed \u00fa\u010dasti a ukon\u010den\u00ed p\u0159\u00edjmu abstrakt<br>10.5.2025&nbsp;&nbsp;&nbsp;&nbsp;&nbsp;&nbsp;&nbsp;&nbsp;&nbsp;Ukon\u010den\u00ed zv\u00fdhodn\u011bn\u00e9ho p\u0159ihl\u00e1\u0161en\u00ed k&nbsp;pasivn\u00ed \u00fa\u010dasti<br>15.6.2025&nbsp;&nbsp;&nbsp;&nbsp;&nbsp;&nbsp;&nbsp;&nbsp;&nbsp;Ukon\u010den\u00ed on-line<\/strong><strong>&nbsp;p\u0159ihl\u00e1\u0161en\u00ed<\/strong><strong><br><\/strong><\/p>\n\n\n\n<p><strong>Po\u0159adatel<br><\/strong>\u010cSKF \u010cLS JEP, z.s.&nbsp;<\/p>\n\n\n\n<p><strong>Prezident <br><\/strong>Prim. MUDr. David Such\u00fd Ph.D.<br>e-mail: suchyd@fnplzen.cz<\/p>\n\n\n\n<p><strong>V\u011bdeck\u00fd v\u00fdbor:<br><\/strong>P\u0159edseda: Doc. MUDr. Kac\u00ed\u0159ov\u00e1 Ivana, Ph.D.<br>\u010dlenov\u00e9:<br>Prof. RNDr. Anzenbacher Pavel, DrSc.<br>RNDr. Brozmanov\u00e1 Hana, CSc.<br>Doc. MUDr. Demlov\u00e1 Regina, Ph.D.<br>Prof. MUDr. Grundmann Milan, CSc.<br>Doc. MUDr. Paluch Zolt\u00e1n, Ph.D., MBA<br>Doc. MUDr. Petr Petr, Ph.D.<br>Prim. MUDr. Such\u00fd David, Ph.D.<br>Doc. MUDr. Urb\u00e1nek Karel, Ph.D.<\/p>\n\n\n\n<p><strong>Organiza\u010dn\u00ed v\u00fdbor<\/strong><\/p>\n\n\n\n<p>Prim. MUDr. David Such\u00fd Ph.D.<br>Prof. MUDr. Otto Mayer, CSc.<br>Prof. PharmDr. Radek Ku\u010dera, PhD.<br>Lenka Dolej\u0161ov\u00e1 <\/p>\n\n\n\n<p><strong>Odborn\u00e9 informace<br><\/strong><a href=\"mailto: suchyd@fnplzen.cz\">Prim. MUDr. David Such\u00fd, Ph.D.<\/a><\/p>\n\n\n\n<p><strong>T\u00e9mata konference<\/strong><br>Aktu\u00e1ln\u00ed stav klinick\u00e9 farmakologie v&nbsp;\u010cR a SR<br>Analytick\u00e9 metody v TDM<br>Klinick\u00e1 farmakologie v&nbsp;kardiologii&nbsp;<br>Klinick\u00e1 farmakologie antirevmatik<br>Ne\u017e\u00e1douc\u00ed \u00fa\u010dinky l\u00e9\u010div, farmakovigilance<br>TDM<br>V\u00fduka klinick\u00e9 farmakologie<br>Varia<br><\/p>\n\n\n\n<p><strong>Krajsk\u00fd revmatologick\u00fd semin\u00e1\u0159<\/strong><br>P\u0159ihl\u00e1\u0161en\u00ed a informace: <a href=\"mailto:dolejsovale@fnplzen.cz\" target=\"_blank\" rel=\"noreferrer noopener\">Lenka Dolej\u0161ov\u00e1<\/a>, e-mail: dolejsovale@fnplzen.cz<\/p>\n\n\n\n<p><strong>Registrace<br><\/strong>P\u0159i registraci vypl\u0148te sv\u00e9 eviden\u010dn\u00ed \u010d\u00edslo l\u00e9ka\u0159e (\u010cLK ID). V p\u0159\u00edpad\u011b, \u017ee ID nebude vypln\u011bno, nem\u016f\u017eeme V\u00e1m zajistit automatick\u00e9 p\u0159i\u010dten\u00ed kredit\u016f prost\u0159ednictv\u00edm Vzd\u011bl\u00e1vac\u00edho port\u00e1lu \u010cLK na Va\u0161e kreditov\u00e9 konto.<\/p>\n\n\n\n<p>Registrace zahrnuje: vstup do p\u0159edn\u00e1\u0161kov\u00fdch a v\u00fdstavn\u00edch prostor, ob\u011bdy, ob\u010derstven\u00ed, vystaven\u00ed certifik\u00e1tu dle stavovsk\u00e9ho p\u0159edpisu \u010d.16 \u010cesk\u00e9 l\u00e9ka\u0159sk\u00e9 komory\/ potvrzen\u00ed \u00fa\u010dasti, sborn\u00edk abstrakt a kongresov\u00e9 materi\u00e1ly.<\/p>\n\n\n\n<p><strong>Registra\u010dn\u00ed poplatky&nbsp;<\/strong><\/p>\n\n\n\n<figure class=\"wp-block-table\"><table class=\"has-fixed-layout\"><tbody><tr><td>Typ \u00fa\u010dastn\u00edka \/ platba [K\u010d]<\/td><td>do 10.5.2025<\/td><td>do 15.6.2025<\/td><td>na m\u00edst\u011b<\/td><\/tr><tr><td>L\u00e9ka\u0159 &#8211; aktivn\u00ed \u00fa\u010dast<\/td><td>1.000,-<\/td><td>1.300,-<\/td><td>2.000.-<\/td><\/tr><tr><td>L\u00e9ka\u0159 \u2013 pasivn\u00ed \u00fa\u010dast<\/td><td>1.500,-<\/td><td>1.800,-<\/td><td>2.000.-<\/td><\/tr><tr><td>SZP &#8211; pasivn\u00ed \u00fa\u010dast<\/td><td>700.-<\/td><td>1.000.-<\/td><td>1.500.-<\/td><\/tr><tr><td>Farmaceut<br>Laboratorn\u00ed pracovn\u00edk<br>Student<\/td><td>700.-<\/td><td>1.000.-<\/td><td>1.500.-<\/td><\/tr><\/tbody><\/table><\/figure>\n\n\n\n<p><strong>U<\/strong><strong>veden\u00e9 ceny jsou v\u010d. DPH<\/strong>. Platbu prove\u010fte nejpozd\u011bji do data uveden\u00e9ho k dan\u00e9 cen\u011b. V p\u0159\u00edpad\u011b pozd\u011bj\u0161\u00ed platby, m\u016f\u017ee organiz\u00e1tor vym\u00e1hat doplatek v rozd\u00edlu ceny.<\/p>\n\n\n\n<p><\/p>\n\n\n\n<p><strong>V\u00fdstava<br><\/strong>V p\u0159ilehl\u00fdch prostor\u00e1ch konferen\u010dn\u00edch s\u00e1l\u016f bude uspo\u0159\u00e1d\u00e1na v\u00fdstava a prezentace firem&nbsp;ur\u010den\u00e1 pouze odborn\u00e9 ve\u0159ejnosti.&nbsp;<\/p>\n\n\n\n<p><strong>Stravov\u00e1n\u00ed<br><\/strong>B\u011bhem konference budou v prostor\u00e1ch hotelu pro \u00fa\u010dastn\u00edky konference p\u0159ipraveny ob\u011bdy, dopoledn\u00ed a odpoledn\u00ed ob\u010derstven\u00ed.&nbsp;<br>V cen\u011b ubytov\u00e1n\u00ed je zahrnuta sn\u00eddan\u011b. Pokud m\u00e1te z\u00e1jem o roz\u0161\u00ed\u0159en\u00ed t\u00e9to nab\u00eddky \u010di m\u00e1te specifick\u00e9 po\u017eadavky, kontaktujte n\u00e1s na&nbsp;<a href=\"mailto:kancelar@hillaryconsulting.com\">kancelar@hillaryconsulting.com<\/a><\/p>\n\n\n\n<p><strong>Ubytov\u00e1n\u00ed<br><\/strong>Ubytov\u00e1n\u00ed je rezervov\u00e1no organiz\u00e1torem&nbsp;v&nbsp;<strong>Parkhotelu Plze\u0148,&nbsp;<\/strong>\u00fa\u010dastn\u00edci si ubytov\u00e1n\u00ed objednaj\u00ed sami p\u0159es rezerva\u010dn\u00ed syst\u00e9m&nbsp;hotelu na&nbsp;<a href=\"https:\/\/parkhotel-czech.eu\/\">https:\/\/parkhotel-czech.eu<\/a>. Do pozn\u00e1mky p\u0159i objedn\u00e1n\u00ed&nbsp;uve\u010fte&nbsp;<strong><mark style=\"background-color:#ffffff\" class=\"has-inline-color\">slevov\u00fd k\u00f3d KKF2025<\/mark><\/strong>&nbsp;pro n\u00ed\u017ee uveden\u00e9 ceny. Cena obsahuje sn\u00eddani bufetov\u00e9ho typu, p\u0159\u00edstup do fitcentra, WiFi a parkov\u00e1n\u00ed.<\/p>\n\n\n\n<p>&#8211;&nbsp;<strong>Superior<\/strong>&nbsp;pokoj (jednol\u016f\u017ekov\u00fd pokoj 2.450 K\u010d\/noc, dvoul\u016f\u017ekov\u00fd pokoj p\u0159i pln\u00e9m obsazen\u00ed 2,850 K\u010d\/\/noc)<br>&#8211;&nbsp;<strong>Junior<\/strong>&nbsp;pokoj (jednol\u016f\u017ekov\u00fd pokoj 2.850 K\u010d\/noc, dvoul\u016f\u017ekov\u00fd pokoj p\u0159i pln\u00e9m obsazen\u00ed 3.150 K\u010d\/\/noc)<\/p>\n\n\n\n<p><strong>Parkov\u00e1n\u00ed<br><\/strong>Parkov\u00e1n\u00ed je zaji\u0161t\u011bno na hotelov\u00e9m parkovi\u0161ti Parkhotelu zdarma.&nbsp;<\/p>\n\n\n\n<p><strong>Doprava &#8211;<\/strong>&nbsp;<a href=\"https:\/\/aktivnisvet.cz\/?page_id=35\" target=\"_blank\" rel=\"noreferrer noopener\">zde<\/a><\/p>\n\n\n\n<p><strong>Organiza\u010dn\u00ed zaji\u0161t\u011bn\u00ed<br><\/strong>Hillary consulting s.r.o.<br>Sady P\u011btat\u0159ic\u00e1tn\u00edk\u016f 33<br>301 00 Plze\u0148<br><a href=\"mailto:kancelar@hillaryconsulting.com\">kancelar@hillaryconsulting.com<\/a><\/p>\n\n\n\n<p><strong>Zp\u016fsob platby&nbsp;<\/strong>&#8211;&nbsp;<a href=\"https:\/\/aktivnisvet.cz\/?page_id=33\" target=\"_blank\" rel=\"noreferrer noopener\">zde<br><\/a><\/p>\n\n\n\n<p><strong>Informace o zpracov\u00e1n\u00ed osobn\u00edch \u00fadaj\u016f<\/strong>&nbsp;&#8211;<a href=\"https:\/\/aktivnisvet.cz\/?page_id=92\">&nbsp;zde<\/a><\/p>\n\n\n\n<p>Konference m\u00e1 charakter postgradu\u00e1ln\u00edho vzd\u011bl\u00e1v\u00e1n\u00ed a je garantov\u00e1na \u010cLS JEP, z.s. ve spolupr\u00e1ci s \u010cLK. Vzd\u011bl\u00e1vac\u00ed akce je po\u0159\u00e1d\u00e1na dle stavovsk\u00e9ho p\u0159edpisu \u010cLK \u010d. 16.<\/p>\n\n\n\n<figure class=\"wp-block-image size-full is-resized\"><img loading=\"lazy\" decoding=\"async\" width=\"600\" height=\"399\" src=\"https:\/\/aktivnisvet.cz\/wp-content\/uploads\/2025\/02\/IMGP0631.jpg\" alt=\"\" class=\"wp-image-131\" style=\"width:847px;height:auto\" srcset=\"https:\/\/aktivnisvet.cz\/wp-content\/uploads\/2025\/02\/IMGP0631.jpg 600w, https:\/\/aktivnisvet.cz\/wp-content\/uploads\/2025\/02\/IMGP0631-300x200.jpg 300w\" sizes=\"(max-width: 600px) 100vw, 600px\" \/><\/figure>\n","protected":false},"excerpt":{"rendered":"<p>24. \u010cESK\u00c1 KONFERENCE KLINICK\u00c9 FARMAKOLOGIE28. \u010cESK\u00c1 KONFERENCE TDMKRAJSK\u00dd REVMATOLOGICK\u00dd SEMIN\u00c1\u0158Kongresov\u00e9 centrum Parkhotel Plze\u0148&nbsp;U Borsk\u00e9ho parku 31320 04 Plze\u0148 Datum kon\u00e1n\u00ed20. &#8211; 21.6.202524. \u010cESK\u00c1 KONFERENCE KLINICK\u00c9 FARMAKOLOGIE28 \u010cESK\u00c1 KONFERENCE TDM 19.6.2025KRAJSK\u00dd REVMATOLOGICK\u00dd SEMIN\u00c1\u0158 D\u016fle\u017eit\u00e1 data10.3.2025&nbsp;&nbsp;&nbsp;&nbsp;&nbsp;&nbsp;&nbsp;&nbsp;&nbsp;Zah\u00e1jen\u00ed on-line p\u0159ihl\u00e1\u0161en\u00ed&nbsp;10.5.2025&nbsp;&nbsp;&nbsp;&nbsp;&nbsp;&nbsp;&nbsp;&nbsp;&nbsp;Ukon\u010den\u00ed p\u0159ihl\u00e1\u0161en\u00ed k&nbsp;aktivn\u00ed \u00fa\u010dasti a &#8230; <a class=\"more-link\" href=\"https:\/\/aktivnisvet.cz\/?page_id=27\">Read More &raquo;<\/a><\/p>\n","protected":false},"author":1,"featured_media":0,"parent":0,"menu_order":0,"comment_status":"closed","ping_status":"closed","template":"","meta":{"footnotes":""},"class_list":["post-27","page","type-page","status-publish","hentry"],"_links":{"self":[{"href":"https:\/\/aktivnisvet.cz\/index.php?rest_route=\/wp\/v2\/pages\/27"}],"collection":[{"href":"https:\/\/aktivnisvet.cz\/index.php?rest_route=\/wp\/v2\/pages"}],"about":[{"href":"https:\/\/aktivnisvet.cz\/index.php?rest_route=\/wp\/v2\/types\/page"}],"author":[{"embeddable":true,"href":"https:\/\/aktivnisvet.cz\/index.php?rest_route=\/wp\/v2\/users\/1"}],"replies":[{"embeddable":true,"href":"https:\/\/aktivnisvet.cz\/index.php?rest_route=%2Fwp%2Fv2%2Fcomments&post=27"}],"version-history":[{"count":34,"href":"https:\/\/aktivnisvet.cz\/index.php?rest_route=\/wp\/v2\/pages\/27\/revisions"}],"predecessor-version":[{"id":185,"href":"https:\/\/aktivnisvet.cz\/index.php?rest_route=\/wp\/v2\/pages\/27\/revisions\/185"}],"wp:attachment":[{"href":"https:\/\/aktivnisvet.cz\/index.php?rest_route=%2Fwp%2Fv2%2Fmedia&parent=27"}],"curies":[{"name":"wp","href":"https:\/\/api.w.org\/{rel}","templated":true}]}}